{"id":2,"date":"2026-01-21T18:39:19","date_gmt":"2026-01-21T18:39:19","guid":{"rendered":"https:\/\/hjcode.com\/?page_id=2"},"modified":"2026-01-23T22:58:25","modified_gmt":"2026-01-23T22:58:25","slug":"sample-page","status":"publish","type":"page","link":"https:\/\/hjcode.com\/","title":{"rendered":"Facturaci\u00f3n Electr\u00f3nica"},"content":{"rendered":"\n<figure class=\"wp-block-gallery has-nested-images columns-default is-cropped wp-block-gallery-1 is-layout-flex wp-block-gallery-is-layout-flex\">\n<figure class=\"wp-block-image size-large\"><img loading=\"lazy\" decoding=\"async\" width=\"1024\" height=\"628\" data-id=\"45\" src=\"https:\/\/hjcode.com\/wp-content\/uploads\/2026\/01\/sistema-facturacion-electronica-paraguay-1024x628.jpg\" alt=\"Sistema de facturaci\u00f3n electr\u00f3nica en Paraguay\n\" class=\"wp-image-45\" srcset=\"https:\/\/hjcode.com\/wp-content\/uploads\/2026\/01\/sistema-facturacion-electronica-paraguay-1024x628.jpg 1024w, https:\/\/hjcode.com\/wp-content\/uploads\/2026\/01\/sistema-facturacion-electronica-paraguay-300x184.jpg 300w, https:\/\/hjcode.com\/wp-content\/uploads\/2026\/01\/sistema-facturacion-electronica-paraguay-768x471.jpg 768w, https:\/\/hjcode.com\/wp-content\/uploads\/2026\/01\/sistema-facturacion-electronica-paraguay.jpg 1235w\" sizes=\"auto, (max-width: 1024px) 100vw, 1024px\" \/><\/figure>\n\n\n\n<figure class=\"wp-block-image size-large\"><img loading=\"lazy\" decoding=\"async\" width=\"1024\" height=\"469\" data-id=\"47\" src=\"https:\/\/hjcode.com\/wp-content\/uploads\/2026\/01\/sistema-facturacion-electronica-paraguay-rep-1024x469.jpg\" alt=\"sistema-facturacion-electronica-paraguay.png\" class=\"wp-image-47\" srcset=\"https:\/\/hjcode.com\/wp-content\/uploads\/2026\/01\/sistema-facturacion-electronica-paraguay-rep-1024x469.jpg 1024w, https:\/\/hjcode.com\/wp-content\/uploads\/2026\/01\/sistema-facturacion-electronica-paraguay-rep-300x138.jpg 300w, https:\/\/hjcode.com\/wp-content\/uploads\/2026\/01\/sistema-facturacion-electronica-paraguay-rep-768x352.jpg 768w, https:\/\/hjcode.com\/wp-content\/uploads\/2026\/01\/sistema-facturacion-electronica-paraguay-rep.jpg 1204w\" sizes=\"auto, (max-width: 1024px) 100vw, 1024px\" \/><\/figure>\n<\/figure>\n\n\n\n<section class=\"hj-features\" id=\"sistema\">\n  <h2>Nuestro Sistema<\/h2>\n  <p class=\"hj-subtitle\">\n    Permite emitir facturas al instante, desde cualquier lugar\n  <\/p>\n\n  <div class=\"hj-features-box\">\n    <ul>\n      <li><strong>Emite facturas electr\u00f3nicas y notas de cr\u00e9dito<\/strong>, desde cualquier dispositivo.<\/li>\n\n      <li><strong>Genera el XML y el KuDE (PDF)<\/strong> con C\u00f3digo de Control y QR seg\u00fan los requisitos de la DNIT.<\/li>\n\n      <li><strong>Firma digitalmente cada factura<\/strong>.<\/li>\n\n      <li><strong>Inutiliza numeraci\u00f3n y cancela facturas<\/strong> de forma simple y segura.<\/li>\n\n      <li><strong>Consulta estados y gestiona<\/strong> todo desde nuestra plataforma.<\/li>\n\n      <li><strong>Envia las facturas<\/strong> al email del cliente autom\u00e1ticamente.<\/li>\n\n      <li><strong>Reporte de ventas<\/strong> en archivos pdf<\/li>\n    <\/ul>\n  <\/div>\n<\/section>\n\n\n\n<section class=\"hj-plans\" id=\"planes\">\n  <h2>Planes disponibles<\/h2>\n  <p class=\"hj-plans-subtitle\">\n    Eleg\u00ed el plan que mejor se adapta a tu empresa\n  <\/p>\n\n  <div class=\"hj-plans-grid\">\n\n    <!-- PLAN INICIAL -->\n    <div class=\"hj-plan-card\">\n      <div class=\"hj-plan-circle\">Inicial<\/div>\n      <h3>Plan Inicial<\/h3>\n      <p class=\"hj-plan-price\">Gs. 500.000 <span>\/ mes<\/span><\/p>\n\n      <ul>\n        <li>\u2714 Factura electr\u00f3nica<\/li>\n        <li>\u2714 Nota de cr\u00e9dito electr\u00f3nica<\/li>\n        <li>\u2714 XML y KuDE (PDF)<\/li>\n        <li>\u2714 Hasta 100 DE mensuales<\/li> \n        <li>\u2714 Env\u00edo por email<\/li>\n        <li>\u2714 Soporte b\u00e1sico<\/li>\n      <\/ul>\n\n      <a href=\"#contacto\" class=\"hj-plan-btn\">Contactar<\/a>\n    <\/div>\n\n    <!-- PLAN MEDIO -->\n    <div class=\"hj-plan-card featured\">\n      <div class=\"hj-plan-badge\">\u00a1M\u00e1s vendido!<\/div>\n      <div class=\"hj-plan-circle\">Medio<\/div>\n      <h3>Plan Medio<\/h3>\n      <p class=\"hj-plan-price\">Gs. 800.000 <span>\/ mes<\/span><\/p>\n\n      <ul>\n        <li>\u2714 Todo el plan inicial<\/li>\n        <li>\u2714 Nota de Remisi\u00f3n electr\u00f3nica<\/li>\n        <li>\u2714 Hasta 300 DE mensuales<\/li>\n        <li>\u2714 Soporte prioritario<\/li>\n      <\/ul>\n\n      <a href=\"#contacto\" class=\"hj-plan-btn primary\">Contactar<\/a>\n    <\/div>\n\n    <!-- PLAN AVANZADO -->\n    <div class=\"hj-plan-card\">\n      <div class=\"hj-plan-circle\">FULL<\/div>\n      <h3>Plan FULL<\/h3>\n      <p class=\"hj-plan-price\">Gs. 1.000.000 <span>\/ mes<\/span><\/p>\n\n      <ul>\n        <li>\u2714 Todo el plan medio<\/li>\n        <li>\u2714 Sin limites de envios de DE<\/li>\n        <li>\u2714 Cotizaciones &#8211; inventario<\/li>\n        <li>\u2714 Estado de Cuentas<\/li>\n        <li>\u2714 Reporte de ventas<\/li>\n        <li>\u2714 Reportes avanzados<\/li>\n        <li>\u2714 Soporte t\u00e9cnico<\/li>\n      <\/ul>\n\n      <a href=\"#contacto\" class=\"hj-plan-btn\">Contactar<\/a>\n    <\/div>\n\n  <\/div>\n<\/section>\n\n\n\n<div class=\"hj-contact-info\">\n  <p>\n    \ud83d\udcde Tel \/ WhatsApp: \n    <a href=\"https:\/\/wa.me\/595981251301\" target=\"_blank\">\n      +595 981 251 301\n    <\/a>\n  <\/p>\n<\/div>\n\n\n\n<div class=\"wp-block-contact-form-7-contact-form-selector\">\n<div class=\"wpcf7 no-js\" id=\"wpcf7-f5-o1\" lang=\"es-ES\" dir=\"ltr\" data-wpcf7-id=\"5\">\n<div class=\"screen-reader-response\"><p role=\"status\" aria-live=\"polite\" aria-atomic=\"true\"><\/p> <ul><\/ul><\/div>\n<form action=\"\/index.php\/wp-json\/wp\/v2\/pages\/2#wpcf7-f5-o1\" method=\"post\" class=\"wpcf7-form init\" id=\"contacto\" aria-label=\"Formulario de contacto\" novalidate=\"novalidate\" data-status=\"init\">\n<fieldset class=\"hidden-fields-container\"><input type=\"hidden\" name=\"_wpcf7\" value=\"5\" \/><input type=\"hidden\" name=\"_wpcf7_version\" value=\"6.1.5\" \/><input type=\"hidden\" name=\"_wpcf7_locale\" value=\"es_ES\" \/><input type=\"hidden\" name=\"_wpcf7_unit_tag\" value=\"wpcf7-f5-o1\" \/><input type=\"hidden\" name=\"_wpcf7_container_post\" value=\"0\" \/><input type=\"hidden\" name=\"_wpcf7_posted_data_hash\" value=\"\" \/>\n<\/fieldset>\n<div class=\"hj-form\">\n\t<p><label>\nNombre completo *\n<input size=\"40\" maxlength=\"400\" class=\"wpcf7-form-control wpcf7-text wpcf7-validates-as-required\" autocomplete=\"name\" aria-required=\"true\" aria-invalid=\"false\" placeholder=\"Ej: Juan P\u00e9rez\" value=\"\" type=\"text\" name=\"your-name\" \/>\n<\/label>\n\t<\/p>\n\t<p><label>\nCorreo electr\u00f3nico *\n<input size=\"40\" maxlength=\"400\" class=\"wpcf7-form-control wpcf7-email wpcf7-validates-as-required wpcf7-text wpcf7-validates-as-email\" autocomplete=\"email\" aria-required=\"true\" aria-invalid=\"false\" placeholder=\"Ej: correo@empresa.com\" value=\"\" type=\"email\" name=\"your-email\" \/>\n<\/label>\n\t<\/p>\n\t<p><label>\nAsunto *\n<input size=\"40\" maxlength=\"400\" class=\"wpcf7-form-control wpcf7-text wpcf7-validates-as-required\" aria-required=\"true\" aria-invalid=\"false\" placeholder=\"Ej: Consulta sobre facturaci\u00f3n electr\u00f3nica\" value=\"\" type=\"text\" name=\"your-subject\" \/>\n<\/label>\n\t<\/p>\n\t<p><label>\nMensaje\n<textarea cols=\"40\" rows=\"10\" maxlength=\"2000\" class=\"wpcf7-form-control wpcf7-textarea\" aria-invalid=\"false\" placeholder=\"Contanos brevemente en qu\u00e9 podemos ayudarte\" name=\"your-message\"><\/textarea>\n<\/label>\n\t<\/p>\n\t<p><input class=\"wpcf7-form-control wpcf7-submit has-spinner btn-enviar\" type=\"submit\" value=\"Enviar consulta\" \/>\n\t<\/p>\n<\/div><div class=\"wpcf7-response-output\" aria-hidden=\"true\"><\/div>\n<\/form>\n<\/div>\n<\/div>\n","protected":false},"excerpt":{"rendered":"<p>Nuestro Sistema Permite emitir facturas al instante, desde cualquier lugar Emite facturas electr\u00f3nicas y notas de cr\u00e9dito, desde cualquier dispositivo. &hellip; <a href=\"https:\/\/hjcode.com\/\" class=\"more-link\"><span class=\"more-button\">Seguir leyendo<span class=\"screen-reader-text\">Facturaci\u00f3n Electr\u00f3nica<\/span><\/span><\/a><\/p>\n","protected":false},"author":1,"featured_media":0,"parent":0,"menu_order":0,"comment_status":"closed","ping_status":"open","template":"","meta":{"footnotes":""},"class_list":["post-2","page","type-page","status-publish","hentry"],"yoast_head":"<!-- This site is optimized with the Yoast SEO plugin v27.4 - https:\/\/yoast.com\/product\/yoast-seo-wordpress\/ -->\n<title>Facturaci\u00f3n Electr\u00f3nica - Facturaci\u00f3n Electr\u00f3nica<\/title>\n<meta name=\"description\" content=\"Sistema de facturaci\u00f3n electr\u00f3nica en Paraguay. Emit\u00ed facturas, XML y KuDE seg\u00fan DNIT. Soporte local en Asunci\u00f3n. Cont\u00e1ctanos.\" \/>\n<meta name=\"robots\" content=\"index, follow, max-snippet:-1, max-image-preview:large, max-video-preview:-1\" \/>\n<link rel=\"canonical\" href=\"https:\/\/hjcode.com\/\" \/>\n<meta property=\"og:locale\" content=\"es_ES\" \/>\n<meta property=\"og:type\" content=\"article\" \/>\n<meta property=\"og:title\" content=\"Facturaci\u00f3n Electr\u00f3nica - Facturaci\u00f3n Electr\u00f3nica\" \/>\n<meta property=\"og:description\" content=\"Sistema de facturaci\u00f3n electr\u00f3nica en Paraguay. Emit\u00ed facturas, XML y KuDE seg\u00fan DNIT. Soporte local en Asunci\u00f3n. Cont\u00e1ctanos.\" \/>\n<meta property=\"og:url\" content=\"https:\/\/hjcode.com\/\" \/>\n<meta property=\"og:site_name\" content=\"Facturaci\u00f3n Electr\u00f3nica\" \/>\n<meta property=\"article:modified_time\" content=\"2026-01-23T22:58:25+00:00\" \/>\n<meta property=\"og:image\" content=\"https:\/\/hjcode.com\/wp-content\/uploads\/2026\/01\/sistema-facturacion-electronica-paraguay.jpg\" \/>\n\t<meta property=\"og:image:width\" content=\"1235\" \/>\n\t<meta property=\"og:image:height\" content=\"758\" \/>\n\t<meta property=\"og:image:type\" content=\"image\/jpeg\" \/>\n<meta name=\"twitter:card\" content=\"summary_large_image\" \/>\n<meta name=\"twitter:label1\" content=\"Tiempo de lectura\" \/>\n\t<meta name=\"twitter:data1\" content=\"2 minutos\" \/>\n<script type=\"application\/ld+json\" class=\"yoast-schema-graph\">{\"@context\":\"https:\\\/\\\/schema.org\",\"@graph\":[{\"@type\":\"WebPage\",\"@id\":\"https:\\\/\\\/hjcode.com\\\/\",\"url\":\"https:\\\/\\\/hjcode.com\\\/\",\"name\":\"Facturaci\u00f3n Electr\u00f3nica - Facturaci\u00f3n Electr\u00f3nica\",\"isPartOf\":{\"@id\":\"https:\\\/\\\/hjcode.com\\\/#website\"},\"primaryImageOfPage\":{\"@id\":\"https:\\\/\\\/hjcode.com\\\/#primaryimage\"},\"image\":{\"@id\":\"https:\\\/\\\/hjcode.com\\\/#primaryimage\"},\"thumbnailUrl\":\"https:\\\/\\\/hjcode.com\\\/wp-content\\\/uploads\\\/2026\\\/01\\\/sistema-facturacion-electronica-paraguay-1024x628.jpg\",\"datePublished\":\"2026-01-21T18:39:19+00:00\",\"dateModified\":\"2026-01-23T22:58:25+00:00\",\"description\":\"Sistema de facturaci\u00f3n electr\u00f3nica en Paraguay. Emit\u00ed facturas, XML y KuDE seg\u00fan DNIT. Soporte local en Asunci\u00f3n. Cont\u00e1ctanos.\",\"breadcrumb\":{\"@id\":\"https:\\\/\\\/hjcode.com\\\/#breadcrumb\"},\"inLanguage\":\"es\",\"potentialAction\":[{\"@type\":\"ReadAction\",\"target\":[\"https:\\\/\\\/hjcode.com\\\/\"]}]},{\"@type\":\"ImageObject\",\"inLanguage\":\"es\",\"@id\":\"https:\\\/\\\/hjcode.com\\\/#primaryimage\",\"url\":\"https:\\\/\\\/hjcode.com\\\/wp-content\\\/uploads\\\/2026\\\/01\\\/sistema-facturacion-electronica-paraguay.jpg\",\"contentUrl\":\"https:\\\/\\\/hjcode.com\\\/wp-content\\\/uploads\\\/2026\\\/01\\\/sistema-facturacion-electronica-paraguay.jpg\",\"width\":1235,\"height\":758,\"caption\":\"Sistema de facturaci\u00f3n electr\u00f3nica en Paraguay\"},{\"@type\":\"BreadcrumbList\",\"@id\":\"https:\\\/\\\/hjcode.com\\\/#breadcrumb\",\"itemListElement\":[{\"@type\":\"ListItem\",\"position\":1,\"name\":\"Portada\",\"item\":\"https:\\\/\\\/hjcode.com\\\/\"},{\"@type\":\"ListItem\",\"position\":2,\"name\":\"Facturaci\u00f3n Electr\u00f3nica\"}]},{\"@type\":\"WebSite\",\"@id\":\"https:\\\/\\\/hjcode.com\\\/#website\",\"url\":\"https:\\\/\\\/hjcode.com\\\/\",\"name\":\"HJCode\",\"description\":\"Paraguay\",\"publisher\":{\"@id\":\"https:\\\/\\\/hjcode.com\\\/#organization\"},\"potentialAction\":[{\"@type\":\"SearchAction\",\"target\":{\"@type\":\"EntryPoint\",\"urlTemplate\":\"https:\\\/\\\/hjcode.com\\\/?s={search_term_string}\"},\"query-input\":{\"@type\":\"PropertyValueSpecification\",\"valueRequired\":true,\"valueName\":\"search_term_string\"}}],\"inLanguage\":\"es\"},{\"@type\":\"Organization\",\"@id\":\"https:\\\/\\\/hjcode.com\\\/#organization\",\"name\":\"Facturaci\u00f3n Electr\u00f3nica\",\"url\":\"https:\\\/\\\/hjcode.com\\\/\",\"logo\":{\"@type\":\"ImageObject\",\"inLanguage\":\"es\",\"@id\":\"https:\\\/\\\/hjcode.com\\\/#\\\/schema\\\/logo\\\/image\\\/\",\"url\":\"https:\\\/\\\/hjcode.com\\\/wp-content\\\/uploads\\\/2026\\\/01\\\/cropped-image1.jpg\",\"contentUrl\":\"https:\\\/\\\/hjcode.com\\\/wp-content\\\/uploads\\\/2026\\\/01\\\/cropped-image1.jpg\",\"width\":896,\"height\":478,\"caption\":\"Facturaci\u00f3n Electr\u00f3nica\"},\"image\":{\"@id\":\"https:\\\/\\\/hjcode.com\\\/#\\\/schema\\\/logo\\\/image\\\/\"}}]}<\/script>\n<!-- \/ Yoast SEO plugin. -->","yoast_head_json":{"title":"Facturaci\u00f3n Electr\u00f3nica - Facturaci\u00f3n Electr\u00f3nica","description":"Sistema de facturaci\u00f3n electr\u00f3nica en Paraguay. Emit\u00ed facturas, XML y KuDE seg\u00fan DNIT. Soporte local en Asunci\u00f3n. Cont\u00e1ctanos.","robots":{"index":"index","follow":"follow","max-snippet":"max-snippet:-1","max-image-preview":"max-image-preview:large","max-video-preview":"max-video-preview:-1"},"canonical":"https:\/\/hjcode.com\/","og_locale":"es_ES","og_type":"article","og_title":"Facturaci\u00f3n Electr\u00f3nica - Facturaci\u00f3n Electr\u00f3nica","og_description":"Sistema de facturaci\u00f3n electr\u00f3nica en Paraguay. Emit\u00ed facturas, XML y KuDE seg\u00fan DNIT. Soporte local en Asunci\u00f3n. Cont\u00e1ctanos.","og_url":"https:\/\/hjcode.com\/","og_site_name":"Facturaci\u00f3n Electr\u00f3nica","article_modified_time":"2026-01-23T22:58:25+00:00","og_image":[{"width":1235,"height":758,"url":"https:\/\/hjcode.com\/wp-content\/uploads\/2026\/01\/sistema-facturacion-electronica-paraguay.jpg","type":"image\/jpeg"}],"twitter_card":"summary_large_image","twitter_misc":{"Tiempo de lectura":"2 minutos"},"schema":{"@context":"https:\/\/schema.org","@graph":[{"@type":"WebPage","@id":"https:\/\/hjcode.com\/","url":"https:\/\/hjcode.com\/","name":"Facturaci\u00f3n Electr\u00f3nica - Facturaci\u00f3n Electr\u00f3nica","isPartOf":{"@id":"https:\/\/hjcode.com\/#website"},"primaryImageOfPage":{"@id":"https:\/\/hjcode.com\/#primaryimage"},"image":{"@id":"https:\/\/hjcode.com\/#primaryimage"},"thumbnailUrl":"https:\/\/hjcode.com\/wp-content\/uploads\/2026\/01\/sistema-facturacion-electronica-paraguay-1024x628.jpg","datePublished":"2026-01-21T18:39:19+00:00","dateModified":"2026-01-23T22:58:25+00:00","description":"Sistema de facturaci\u00f3n electr\u00f3nica en Paraguay. Emit\u00ed facturas, XML y KuDE seg\u00fan DNIT. Soporte local en Asunci\u00f3n. Cont\u00e1ctanos.","breadcrumb":{"@id":"https:\/\/hjcode.com\/#breadcrumb"},"inLanguage":"es","potentialAction":[{"@type":"ReadAction","target":["https:\/\/hjcode.com\/"]}]},{"@type":"ImageObject","inLanguage":"es","@id":"https:\/\/hjcode.com\/#primaryimage","url":"https:\/\/hjcode.com\/wp-content\/uploads\/2026\/01\/sistema-facturacion-electronica-paraguay.jpg","contentUrl":"https:\/\/hjcode.com\/wp-content\/uploads\/2026\/01\/sistema-facturacion-electronica-paraguay.jpg","width":1235,"height":758,"caption":"Sistema de facturaci\u00f3n electr\u00f3nica en Paraguay"},{"@type":"BreadcrumbList","@id":"https:\/\/hjcode.com\/#breadcrumb","itemListElement":[{"@type":"ListItem","position":1,"name":"Portada","item":"https:\/\/hjcode.com\/"},{"@type":"ListItem","position":2,"name":"Facturaci\u00f3n Electr\u00f3nica"}]},{"@type":"WebSite","@id":"https:\/\/hjcode.com\/#website","url":"https:\/\/hjcode.com\/","name":"HJCode","description":"Paraguay","publisher":{"@id":"https:\/\/hjcode.com\/#organization"},"potentialAction":[{"@type":"SearchAction","target":{"@type":"EntryPoint","urlTemplate":"https:\/\/hjcode.com\/?s={search_term_string}"},"query-input":{"@type":"PropertyValueSpecification","valueRequired":true,"valueName":"search_term_string"}}],"inLanguage":"es"},{"@type":"Organization","@id":"https:\/\/hjcode.com\/#organization","name":"Facturaci\u00f3n Electr\u00f3nica","url":"https:\/\/hjcode.com\/","logo":{"@type":"ImageObject","inLanguage":"es","@id":"https:\/\/hjcode.com\/#\/schema\/logo\/image\/","url":"https:\/\/hjcode.com\/wp-content\/uploads\/2026\/01\/cropped-image1.jpg","contentUrl":"https:\/\/hjcode.com\/wp-content\/uploads\/2026\/01\/cropped-image1.jpg","width":896,"height":478,"caption":"Facturaci\u00f3n Electr\u00f3nica"},"image":{"@id":"https:\/\/hjcode.com\/#\/schema\/logo\/image\/"}}]}},"_links":{"self":[{"href":"https:\/\/hjcode.com\/index.php\/wp-json\/wp\/v2\/pages\/2","targetHints":{"allow":["GET"]}}],"collection":[{"href":"https:\/\/hjcode.com\/index.php\/wp-json\/wp\/v2\/pages"}],"about":[{"href":"https:\/\/hjcode.com\/index.php\/wp-json\/wp\/v2\/types\/page"}],"author":[{"embeddable":true,"href":"https:\/\/hjcode.com\/index.php\/wp-json\/wp\/v2\/users\/1"}],"replies":[{"embeddable":true,"href":"https:\/\/hjcode.com\/index.php\/wp-json\/wp\/v2\/comments?post=2"}],"version-history":[{"count":20,"href":"https:\/\/hjcode.com\/index.php\/wp-json\/wp\/v2\/pages\/2\/revisions"}],"predecessor-version":[{"id":99,"href":"https:\/\/hjcode.com\/index.php\/wp-json\/wp\/v2\/pages\/2\/revisions\/99"}],"wp:attachment":[{"href":"https:\/\/hjcode.com\/index.php\/wp-json\/wp\/v2\/media?parent=2"}],"curies":[{"name":"wp","href":"https:\/\/api.w.org\/{rel}","templated":true}]}}